s 25d82 (base 15) in base 2?
11101100101010100
-12051305 (base 6) to base 3
-201022100012
What is -22000022002 (base 3) in base 5?
-20021212
120101113 (base 4) to base 5
11140130
Convert -15270 (base 10) to base 8.
-35646
What is -1211012101000 (base 3) in base 2?
-11101100011010111110
92087 (base 11) to base 4
200311332
What is 3001100233 (base 4) in base 11?
4a0816
Convert 1360428 (base 9) to base 13.
2027ab
What is 12105103 (base 6) in base 11?
241123
10332123332 (base 4) to base 12
52a992
-228558 (base 9) to base 12
-676b2
Convert -150bb (base 16) to base 15.
-1a81d
What is 87e944 (base 15) in base 4?
120231231322
Convert -13b117 (base 16) to base 10.
-1290519
What is -c78b (base 15) in base 14?
-1154a
Convert -433025114 (base 6) to base 5.
-3432430313
What is 405124 (base 9) in base 15?
4b164
Convert 2005a5 (base 11) to base 13.
b3c26
Convert -1c96b4 (base 15) to base 6.
-45551441
-976 (base 14) to base 15
-848
-6440 (base 16) to base 6
-314452
Convert -652791 (base 11) to base 4.
-3332222300
Convert 541511 (base 6) to base 5.
2410332
7ba1dd (base 14) to base 15
583e1a
-4340901 (base 10) to base 15
-5ab2d6
What is -1110000110110000100 (base 2) in base 9?
-774028
-51669 (base 10) to base 6
-1035113
What is -2a124 (base 12) in base 10?
-58924
What is 17a283 (base 14) in base 8?
3136173
What is -100010100110001010011 (base 2) in base 7?
-12431051
Convert -45104045 (base 8) to base 6.
-544345353
What is -51b38 (base 16) in base 2?
-1010001101100111000
What is 12101102010122 (base 3) in base 13?
7929a7
Convert 2340112 (base 6) to base 11.
8361a
Convert a8010a (base 13) to base 6.
220252045
Convert -25b28 (base 16) to base 14.
-403b2
631a44 (base 16) to base 11
37366a3
-a8c62 (base 14) to base 5
-101033200
-23f32 (base 16) to base 7
-1152205
Convert 32a524 (base 11) to base 3.
222202001102
Convert 102011200012 (base 3) to base 15.
45265
-3211065 (base 8) to base 2
-11010001001000110101
What is 532544 (base 6) in base 15?
ccdd
What is -1122011202 (base 3) in base 9?
-48152
What is 1204144 (base 5) in base 3?
1010202112
30133206 (base 7) to base 16
26151c
What is -1567141 (base 10) in base 3?
-2221121201021
Convert a597a8 (base 11) to base 10.
1696659
Convert -d7d718 (base 15) to base 10.
-10271723
3c018 (base 14) to base 3
21112021211
Convert -311142212 (base 5) to base 10.
-1271557
What is -19225 (base 16) in base 14?
-29737
Convert 54504340 (base 7) to base 2.
10001110101000101100101
What is -10200704 (base 8) in base 3?
-11001220021022
Convert -2444115 (base 10) to base 5.
-1111202430
Convert 1c58 (base 15) to base 13.
2a59
-362220 (base 7) to base 3
-10100000120
Convert -60727 (base 12) to base 8.
-365017
-69157 (base 13) to base 12
-92904
-2211301312 (base 4) to base 10
-679030
-13301111231 (base 4) to base 10
-2037101
Convert bb8463 (base 13) to base 9.
8271544
-7c30a7 (base 16) to base 15
-aab7e9
What is -eaa7a (base 16) in base 10?
-961146
What is -262219a (base 12) in base 5?
-3410311100
What is -347bab (base 13) in base 7?
-13405126
What is 22001021002 (base 3) in base 12?
777a8
What is -10311 (base 9) in base 13?
-3142
What is -124062 (base 8) in base 13?
-167a2
Convert -1233430411 (base 5) to base 3.
-12200221112011
356222 (base 9) to base 5
23331013
Convert 10608a4 (base 13) to base 12.
18113a5
11111000101110000100 (base 2) to base 12
411684
What is -30230121102 (base 4) in base 7?
-40166241
Convert -10010010010010011001001 (base 2) to base 6.
-250424201
Convert 6c4a (base 16) to base 6.
332202
-76379 (base 10) to base 15
-1796e
-17416337 (base 8) to base 9
-7583754
What is -1abeb (base 15) in base 13?
-3082a
4693542 (base 10) to base 5
2200143132
What is -27660647 (base 8) in base 3?
-102202120122112
What is 1918472 (base 10) in base 12?
786288
10110212221 (base 3) to base 4
100231123
Convert 21230403 (base 6) to base 4.
2120313003
What is -10220110111001 (base 3) in base 15?
-2b00ca
What is -315de6 (base 15) in base 7?
-25651500
What is 100000011001111011 (base 2) in base 5?
13221411
Convert 1a409 (base 13) to base 6.
1033040
Convert 1001110222112222 (base 3) to base 14.
201dddc
-36302471 (base 8) to base 9
-15877445
1503351 (base 8) to base 10
427753
450600 (base 7) to base 8
233247
Convert -41b5 (base 13) to base 6.
-110053
-154641 (base 7) to base 12
-157a3
-20312101 (base 4) to base 13
-1365a
9b581 (base 15) to base 10
493996
Convert 22212330023 (base 4) to base 14.
525667
Convert -400214452 (base 6) to base 14.
-c74d20
What is 20221120011 (base 4) in base 10?
2266629
-b6173b (base 13) to base 16
-40fccb
What is -359986a (base 11) in base 3?
-102210021121001
Convert 1121112210021 (base 3) to base 16.
d143d
1738b5 (base 14) to base 5
202113240
What is -64034541 (base 8) in base 16?
-d03961
Convert 2ab73a (base 12) to base 13.
1c505b
What is -4122035 (base 6) in base 9?
-330755
What is 48a30 (base 16) in base 4?
1020220300
Convert -17d6a4 (base 15) to base 6.
-40502201
-2135322 (base 8) to base 10
-572114
What is c1da38 (base 14) in base 3?
110021202110100
968214 (base 10) to base 5
221440324
Convert -33143023 (base 6) to base 7.
-11305131
What is 1011111100110011 (base 2) in base 4?
23330303
103586 (base 10) to base 8
312242
What is 156253 (base 10) in base 15?
3146d
What is -e3c81 (base 16) in base 8?
-3436201
Convert 3842ac (base 15) to base 6.
133451113
What is 61255 (base 9) in base 5?
2242212
What is db2d8 (base 15) in base 11?
43592a
What is 1574023 (base 8) in base 12?
1a0383
What is -513b96 (base 14) in base 5?
-1200104211
What is -15015415 (base 6) in base 15?
-a2c32
Convert -101273 (base 15) to base 7.
-6326250
Convert -3ced39 (base 15) to base 14.
-565cbc
Convert 136267a (base 14) to base 6.
533015112
-5b86 (base 16) to base 10
-23430
2467047 (base 11) to base 7
51263241
What is 416aa5 (base 16) in base 9?
8053760
-11113255 (base 7) to base 15
-13ed97
-21112001201 (base 3) to base 7
-1154404
411013301 (base 5) to base 8
6244756
Convert 1003201223 (base 4) to base 15.
56e42
What is 1230122020 (base 4) in base 11?
283683
Convert -53158 (base 12) to base 3.
-12112121212
Convert 6b704 (base 13) to base 9.
328757
-17760 (base 10) to base 12
-a340
What is -101030211 (base 4) in base 5?
-4223222
100100000010001101011010 (base 2) to base 9
18686715
Convert 5025372 (base 9) to base 13.
72831b
Convert -123302320002 (base 4) to base 15.
-98dd69
50425130 (base 6) to base 13
3b2c2c
Convert a796 (base 15) to base 13.
131b2
-6d20d (base 14) to base 4
-1001011031
Convert -1011010010000100 (base 2) to base 6.
-553540
What is -130343222 (base 5) in base 16?
-9b980
Convert -100000011100000101 (base 2) to base 3.
-20202021002
Convert -200716 (base 10) to base 15.
-3e711
Convert 1812475 (base 12) to base 15.
68bdd2
Convert 100111000000110010100111 (base 2) to base 12.
351239b
212200202 (base 3) to base 15
51b8
Convert -21d02 (base 15) to base 10.
-107552
Convert -117830 (base 10) to base 9.
-188562
323782 (base 10) to base 9
543127
4105528 (base 9) to base 2
1000010110011001011001
22037 (base 12) to base 11
30873
58c8 (base 16) to base 10
22728
4342324310 (base 5) to base 13
1c1cc40
What is -11111011010000101010010 (base 2) in base 13?
-1923698
What is -10100001110000101000101 (base 2) in base 16?
-50e145
Convert -312302304 (base 5) to base 3.
-2102120212010
137344 (base 10) to base 5
13343334
Convert 10001101101000001111 (base 2) to base 10.
580111
Convert -245352 (base 7) to base 16.
-b03d
What is 8bdb1a (base 14) in base 6?
250031004
Convert -682173 (base 9) to base 7.
-3320430
-111110011011100110 (base 2) to base 14
-69298
Convert -133012132 (base 4) to base 3.
-20110202011
2db806 (base 16) to base 8
13334006
Convert -10001001000000111111 (base 2) to base 7.
-4525124
What is 11100010111111010 (base 2) in base 11?
7a353
Convert 20111120002 (base 4) to base 7.
24366256
What is -43b63 (base 13) in base 10?
-122775
-2ca72 (base 14) to base 4
-123103030
122317 (base 9) to base 5
4331023
Convert 420115342 (base 6) to base 2.
11011110011011100101110
What is 1963a37 (base 11) in base 2?
1100101001000110111101
What is -1c6927 (base 14) in base 4?
-3320103313
What is 1cae3 (base 16) in base 3?
12222010221
356052 (base 10) to base 11
223564
Convert 11001010101011011010 (base 2) to base 8.
3125332
What is 1345123 (base 6) in base 12?
381a3
